 + t - 3. Let q(m) = 3*i(m) - 4*v(m). Let o be -1*36/63*14/4. Determine q(o).
10
Let k(h) = -h**3 + h**2 + h + 4. Let w(n) = 2*n - 14. Let t be w(0). Let m be ((-2)/14 + 1)*t/(-4). Calculate k(m).
-11
Suppose w - 6 + 16 = 0. Let p be 22/((8/w)/(2/(-5))). Let m(b) = -b + 7. Calculate m(p).
-4
Let j(r) = r - 1. Let s(d) = -d**2 + 3*d - 3. Let b(i) = 6*j(i) + s(i). Let u(q) = q**2 - 6*q - 14. Let y be u(-6). Let h = 64 - y. Determine b(h).
9
Let n(w) = 10 - 2*w**2 + 5*w**3 - 8 - 1. Suppose -4*t + 23 = -5*l, 3 = -t - 0. Let c = l + 6. Give n(c).
-6
Let k(t) = -t**3 + t**2 + t. Let j be k(-1). Let i be (-30)/5*j/(-3). Let r(a) = 3 + 0*a**2 - 9 - 3*a - a + a**i. Determine r(6).
6
Let v(m) = 46736*m**2 + 3*m - m**3 + 0 - 46733*m**2 + 0. What is v(-2)?
14
Let c = -17 - -11. Let z(y) = -4*y**2 - y**2 - 2 + 0*y**2 - 5*y + 4*y**2. Calculate z(c).
-8
Let p(l) = l**2 - 8*l - 20. Let v(x) = 4*x**2 - 33*x + 74. Let h be v(5). Determine p(h).
-11
Suppose 4*o = 15*o - 55. Let u(c) = 6*c - c**2 + 4 - 4. Calculate u(o).
5
Let g(t) = 18 - 2*t + 5*t - 4*t + 2*t. Give g(-12).
6
Let t(a) be the first derivative of a**4/4 - 4*a**3 + 13*a**2/2 - 16*a + 126. Give t(11).
6
Let j(y) = -y**3 + 10*y**2 - 7*y - 1. Suppose -16*o - 16 = -160. Determine j(o).
17
Suppose 18*h - 20*h = 18. Let g be ((-14)/42)/(1/h). Let v(c) = -6*c + c + 3*c + 9 + g*c. Give v(0).
9
Let a(k) = -22*k - 50. Let r be a(-13). Let j(u) = -122*u + r*u - 118*u - 1. Determine j(3).
-13
Let g(v) = -3*v**2 - 3*v - 10. Let s(n) = -4*n**2 - 3*n - 11. Let c = -46 + 50. Let o(m) = c*s(m) - 5*g(m). Calculate o(5).
-4
Let f(o) = -o**3 + 13*o**2 - 2*o + 28. Let u be f(13). Let b(m) = -2 - u*m - 3 + 3*m - 2*m. Determine b(-4).
-1
Let m(r) = r + 6. Let c be m(-9). Let b be c*(0 + 15/9). Let u(y) = 0*y - 2*y + 1 - 7 + y. Give u(b).
-1
Let v(l) = -l**2 - 3*l - 11. Let h(k) = -5*k**2 - 16*k - 54. Let q(t) = 2*h(t) - 11*v(t). Determine q(0).
13
Let h(s) = -9 - s - 2 - s**2 - 1. Let v(y) = 3*y**2 - 87*y + 414. Let x be v(23). Calculate h(x).
-12
Suppose 18*t - 25 = 13*t + 5*n, -2*t + 16 = -4*n. Let g(w) = 4*w**2 + 2*w + 1. What is g(t)?
21
Let l(k) = k**3 - 2*k**2 - 4*k - 3. Let x(w) = -6*w + 26. Let s be x(4). Suppose -2*f - 2 = 2*z, -s*z = -f - 6*z + 2. Calculate l(f).
-11
Let r(b) = -b**2 - 10*b - 9. Suppose -4*s = 2*t, 4*t - 6 = s + 3. Let j be (0/2 - t) + 72/(-12). Give r(j).
7
Suppose 0 = 16*r - 191 + 255. Let o(u) = u**3 + 4*u**2 + u - 5. Give o(r).
-9
Let x = -431 + 434. Let c(w) be the second derivative of -1/6*w**x + 0 + 3/2*w**2 + 4*w. Determine c(0).
3
Let o(m) = -16*m + 44. Let g be o(3). Let s(t) = t**3 + 4*t**2 + 2*t. Calculate s(g).
-8
Let x(c) be the third derivative of c**9/2880 - c**7/2520 - c**6/720 + 7*c**5/60 - 14*c**2. Let a(n) be the third derivative of x(n). What is a(-1)?
-20
Let r(f) = f**3 + f**2 - 3*f. Let b be r(0). Suppose b = p + 2. Let n(c) = -c - 1. Determine n(p).
1
Let u(m) = -3*m - 11*m - 5 - 7*m + 23*m. Let p = -30 + 37. Calculate u(p).
9
Let d be 20/8*-3*4/(-6). Suppose 15 = 4*x - x, 0 = -d*k - x. Let f(n) = 17*n - 8. Let w(t) = -6*t + 3. Let i(u) = 4*f(u) + 11*w(u). Give i(k).
-1
Let l = 713 - 717. Let g(p) = p - 2. Determine g(l).
-6
Let t(f) = -f**3 + 11*f**2 - 36*f + 16. Let l(b) = b**3 - 10*b**2 + 35*b - 18. Let d(u) = 2*l(u) + 3*t(u). Give d(9).
-6
Let w(s) = -5*s**2 - 814*s**3 + 6 + 1627*s**3 - 3*s - 812*s**3. Give w(5).
-9
Let r(h) = -7*h + 3 + h - 17*h**2 + 8*h**2 + 3*h + 10*h**2. Give r(-4).
31
Let q be (13 - 5) + (-1 - -2). Let w(u) = -4*u**2 + u - q - u**2 + 9*u**2 - 5*u**2. Let t = 0 - 0. Determine w(t).
-9
Let k be (14 - (-855)/(-60)) + (-37)/(-4). Let h(x) = -x + 6. What is h(k)?
-3
Suppose 4*f + 51 = 71. Let c(i) = -i**3 + 6*i**2 - 2*i - 7. Give c(f).
8
Let f be (1 - 1)/(0 + 1). Suppose f = -3*r + 5*r. Let z(h) = h + 5 + h**3 + 2*h - 3*h. Give z(r).
5
Let k(o) = 5*o - 1. Let x(a) = -14*a + 3. Let h(s) = 17*k(s) + 6*x(s). Let r be 4 + 4 - (-96)/(24/(-4)). What is h(r)?
-7
Suppose -4*l + 8 = 0, -57*l = -4*v - 60*l + 6. Suppose k - 57 = -4*w, 2*k + 0*k = -2*w + 30. Let z(t) = 0*t - 6 - t**2 - t + w. What is z(v)?
8
Let x(k) be the third derivative of -k**5/60 + 3*k**4/8 - 3*k**3/2 - 8*k**2 - 6. Determine x(6).
9
Let j(c) be the third derivative of -c**5/30 - c**4/8 - c**3/2 - 10*c**2. Let g(b) = -19*b + 55. Let l be g(3). Calculate j(l).
-5
Suppose 92 + 132 = 16*x. Let d(t) = t**3 - 13*t**2 - 13*t - 8. Give d(x).
6
Let l(f) = f**3 + 6*f**2 - f - 3. Let s(k) = -k + 6. Let z be 2/(2/12*1). Let q be s(z). Give l(q).
3
Let b(g) be the first derivative of -1/3*g**3 - 5*g**2 - 4 - 9*g. Determine b(-7).
12
Let u(d) be the second derivative of d**6/360 - d**5/40 - d**4/8 + d**3 + 2*d. Let b(p) be the second derivative of u(p). Suppose -w + 7 - 1 = 0. Give b(w).
15
Let i(q) = -3*q**2 + 26*q + 1. Let k(a) = a**2 - 9*a. Let o(b) = 6*i(b) + 17*k(b). Suppose 3*c = -4*r + 31, -3*c - r = -2*r - 11. Determine o(c).
-4
Let f be ((-12)/5)/((-40)/500). Let i = -34 + f. Let h(x) = x + 8. Determine h(i).
4
Let l(i) = -i**3 - 6*i**2 - 5*i + 3. Let f(m) = -m**2 - m. Let o(c) = -5*f(c) + l(c). Calculate o(-3).
21
Let l(s) be the first derivative of -1/3*s**3 - 2 - 7*s + 9/2*s**2. Determine l(6).
11
Let o(g) = -20*g**3 + 55*g**2 + 20*g - 9. Let t(c) = -7*c**3 + 19*c**2 + 7*c - 3. Let a(p) = -6*o(p) + 17*t(p). What is a(7)?
-4
Let y(k) be the third derivative of -5*k**4/12 - k**3/6 - k**2. Suppose 0 = -a - 4*n - 1, -5 = -5*a + 10*a - 5*n. What is y(a)?
9
Let g = -9 - -21. Suppose -n + 3*c = c + 10, g = 3*c. Let u(d) = -3 - 7 - d + 0*d**2 + 12 + d**3 + 3*d**2 - 4*d**2. What is u(n)?
-8
Let h(t) = 3*t**2 + 3*t - 8. Let a(p) be the second derivative of -1/6*p**4 + 0 + 7/2*p**2 - 5*p - 2/3*p**3. Let z(b) = -4*a(b) - 3*h(b). What is z(6)?
2
Let n(r) = 2*r + 8. Let k(u) = -u**3 - 17*u**2 - u - 23. Let j be k(-17). What is n(j)?
-4
Let h(a) = a**3 + a**2 - 2*a. Let n(q) = 3*q + 2. Let w be n(9). Let v = w - 31. Give h(v).
0
Let i(m) = -12*m**2 + m - 1. Let u be 1 - 0/((-4)/2). Suppose -4*n + u = -3. What is i(n)?
-12
Let d(b) = -4*b**3 - 6*b**2 + 2*b + 2. Let n(h) = 10*h**3 + 16*h**2 - 6*h - 6. Let u(r) = 8*d(r) + 3*n(r). Determine u(-2).
18
Let h(x) = 4*x. Let r(t) = t**2 - 21*t + 36. Let f = 31 - 12. Let n be r(f). Determine h(n).
-8
Let g(j) = j + 11. Let k(h) = -44*h - 4. Let i be k(-2). Suppose 11*w + w + i = 0. Give g(w).
4
Let h(z) be the first derivative of 3*z**2 - 3 - 10*z + 1/3*z**3. Let o(c) = -c**2 - 3*c + 3. Let w be o(-5). Give h(w).
-3
Let n = -242 - -239. Let w(x) = 7*x**2 - x - 1. Calculate w(n).
65
Let h(b) = -b + 18. Suppose 9 = 3*c + 99. Let v be 3*c/36*-4. Determine h(v).
8
Let n(v) = v - 2. Let s(w) = -6*w**2 - 119*w - 87. Let c be s(-19). Calculate n(c).
6
Let j(s) = -9*s - 6 - s**2 - 1 - s. Suppose 106 - 138 = 3*k + b, -k + 1 = -2*b. Give j(k).
2
Let c(h) = -2*h**3 - 3*h**2 - h. Let i(o) = -8*o**3 - 11*o**2 - 4*o. Let r(k) = 7*c(k) - 2*i(k). Give r(-1).
-2
Let k(n) = -4*n + 2. Let w(p) be the first derivative of p**2 - 6*p - 6. Let q be w(-2). Let a be -2 - q/5 - -4. What is k(a)?
-14
Let w(p) = -p**3 + 3*p**2 + 6*p - 2. Suppose 0 = 15*r + 48 - 108. What is w(r)?
6
Let m(c) be the second derivative of -2/3*c**3 + 0 + 3/2*c**2 + 20*c - 1/12*c**4. Give m(-4).
3
Let l(y) = -8*y + 1. Suppose -z - 26 = -3*z. Let p be (z/4)/((-2)/8). Let t = 12 + p. What is l(t)?
9
Let h(x) be the first derivative of x**4/4 - 5*x**3/3 + x**2 - 6*x - 475. Suppose 3*p = -1 + 16. Give h(p).
4
Let z(b) be the second derivative of b**3/3 + 5*b**2/2 + b. Let m be 30/(-7) + 17/(-238)*-4. Give z(m).
-3
Let r(o) = -o**3 + 14*o**2 - 2*o + 13. Suppose 24*w - 269 = 67. What is r(w)?
-15
Let u(a) = 13*a - 5302*a**3 + 9 + 2654*a**3 - 11*a**2 + 2647*a**3. What is u(-12)?
-3
Let y(v) = -v**2 + 6*v. Suppose -4*n - 4 = 5*j - 12, 0 = -3*n + 5*j + 6. Suppose 0 = -b - n + 8. Give y(b).
0
Let h(w) = 2*w**3 - 20*w**2 - 5*w - 26. Let j(b) = -b**3 + 10*b**2 + 3*b + 13. Let r(v) = 3*h(v) + 5*j(v). Determine r(10).
-13
Let d(h) = -6*h - 3. Let o(m) = -2*m - 1. Let v(p) = d(p) - 2*o(p). Suppose -r + 18 = 2*r. Let s = -5 + r. Determine v(s).
-3
Let g(n) = 10*n**2 + 12*n - 3. Let a(y) = -6*y**2 - 8*y + 1. Let f(i) = -7*a(i) - 4*g(i). Give f(-4).
5
Let o(j) = -7*j**2 + 6*j - 21. Let b(n) = n - 4. Let a(x) = 5*b(x) - o(x). Ca